ose -b = 4*g - h, -20 = -g - b + 3*b. What are the prime factors of g?
2, 7
Let f be (-8)/(-10)*30/12. Suppose 5 = -f*z + 43. List the prime factors of z.
19
Let n(t) = t**3 - 2*t**2 - 2*t - 3. What are the prime factors of n(4)?
3, 7
Let h(o) = o**2 + 1. Let k be h(2). List the prime factors of (0 + -30)*(-2)/k.
2, 3
Suppose -2*p = -3*j + 215, 5*p + 370 - 74 = 4*j. What are the prime factors of j?
3, 23
List the prime factors of 66/(-5)*60/(-18).
2, 11
Let c = -2 + 2. Suppose -2*x + c*x = 0. Suppose 0 = -x*s - 5*s + 55. What are the prime factors of s?
11
Suppose -4*d = -4*z - 484, -3*d - 2*z + 338 = -0*d. List the prime factors of d.
2, 29
Let o(y) = -y**3 + 3*y**2 + 11*y - 4. Let h be o(5). Let j be (11/(-3) - 0)*-3. Let b = j + h. List the prime factors of b.
2, 3
List the prime factors of (-5 - 77)*4/(-2).
2, 41
Let h be 7/(2 + (-5)/2). Let p be (h/3)/((-3)/9). Suppose 2*s - 5*r = 5, -4*s - p = r - 35. List the prime factors of s.
5
Let q(u) = -9*u - 9. Let l = 6 - 12. List the prime factors of q(l).
3, 5
Suppose 6 = 2*w + 2. List the prime factors of (-2 + 3)/(w/10).
5
Let v(x) = x**3 - 5*x**2 + 6*x - 5. Let j be (-2)/(((-5)/(-2))/(-5)). What are the prime factors of v(j)?
3
Let a be 2/8 + (-27)/12. Let r be a/(-3) - (-34)/3. Let n = -2 + r. What are the prime factors of n?
2, 5
Suppose -24 = -3*x - x + 5*r, x = 3*r + 6. Let w = x - 6. List the prime factors of w + (1 - -1) - -11.
13
Let s(b) = 2*b**2 - 6*b + 3. Let p be s(4). Suppose 2*d - 5*r - 21 = 4*d, 3*d - r = p. What are the prime factors of d?
2
Suppose 3*g - 16 = -r, 4*r + 1 = g - 0*g. Let a(d) = 8*d. List the prime factors of a(r).
2
Let x(u) be the second derivative of -2*u - 7/6*u**3 - 1/12*u**4 + 0 - u**2. List the prime factors of x(-3).
2, 5
Suppose -o - 2*o = -12. Suppose -3*b + 5 + 4 = 0. Let t = o + b. List the prime factors of t.
7
Let o(c) = c**3 - 2*c**2 + 3*c - 1. Let m be o(2). Let k = -2 + m. What are the prime factors of k?
3
Let u = 13 - 5. Let d = u + 2. List the prime factors of d.
2, 5
What are the prime factors of (1 - (-10)/(-8)) + (-14586)/(-104)?
2, 5, 7
List the prime factors of (-203)/21*-6 + (-1 - -1).
2, 29
Let c(r) = r**3 - 4*r**2 + 3*r. Let b be c(6). Let p = b + -56. What are the prime factors of p?
2, 17
Let q(w) = -w**3 - 2*w**2 + 3*w + 3. Let g be q(-2). Let t be 1/9*3*g. List the prime factors of 141/18 + t/(-6).
2
Suppose m + 6 = 2*m. Let j(w) = -7*w**2 + 11*w - 6. Let h(c) = c**2 - c + 1. Let l(d) = -6*h(d) - j(d). What are the prime factors of l(m)?
2, 3
Let i(o) = o**2 - 4*o + 379. List the prime factors of i(0).
379
Suppose 3*k + 14 = h - 0*k, 0 = k + 3. Suppose h = -5*i + 15. Suppose 0 = r - i - 9. List the prime factors of r.
11
Suppose -156 = -8*m - 4. List the prime factors of m.
19
Suppose 159 = n + i, -3*i + 461 = 4*n - 174. List the prime factors of n.
2, 79
Let c(i) = i**3 - 3*i**2 + 8*i - 8. Let z be c(4). List the prime factors of (0 - z)*(-3)/6.
2, 5
Suppose -g + 0*g + 21 = 4*k, 0 = 5*k - 4*g - 42. Let b be (-5)/(-4 - k/(-2)). Suppose -3*m = -b*f + 2*m + 80, -3*f - 3*m = -54. What are the prime factors of f?
17
Suppose -f = -2*f - u - 8, 0 = 4*u + 20. Let h = 17 + f. What are the prime factors of h?
2, 7
Suppose h - p + 13 = -6*p, -p + 3 = 3*h. Suppose l = 5*l - 5*j - 92, -h*l + 68 = 3*j. List the prime factors of l.
2, 7
Let n be (-4)/(-16) - (-2)/(-8). Suppose 0 = 3*s - 5*d - 41, n = 5*s - 3*s - 5*d - 34. List the prime factors of s + 1 + (-1 - 0).
7
Suppose -5*v = -t - 44, 6*v - v = 3*t + 52. Let d = v + -3. What are the prime factors of d?
5
Suppose a = 27 - 9. What are the prime factors of a?
2, 3
Suppose 3*a + 6*w = 2*w + 231, -2*a - 4*w = -150. List the prime factors of a*(-2 - (-28)/12).
3
Let m(k) = 4*k**2 - 2*k + 1. Let v be m(1). Let w = 7 - v. List the prime factors of w.
2
Suppose -3*j + 17 = l, -j = -5*j + 20. Suppose 2*p = -5*a + 95, l*p - 4*a = -12 + 62. Let f = 49 - p. List the prime factors of f.
2, 7
Let b = 527 - 308. Suppose -5*r - 2*x = -235, -x - b = -3*r - 67. List the prime factors of r.
7
Suppose -2*k + 114 = -84. List the prime factors of k.
3, 11
Suppose 158*v - 161*v = -699. What are the prime factors of v?
233
Let c(k) = -k + 7. Let a be c(-5). Let d = a - 9. What are the prime factors of d?
3
List the prime factors of 4/48*6 - (-373)/2.
11, 17
Let w = -21 + 41. List the prime factors of w.
2, 5
Let n(y) be the second derivative of -y**3/6 + 2*y**2 + 9*y. List the prime factors of n(-13).
17
Let f be (-2)/(-6)*(-2 - 1). Let v be f + -1 - 145/(-5). Suppose -18 - v = -5*i. What are the prime factors of i?
3
Suppose 4*m + 3*s = -0*s + 6, -m - 10 = -5*s. Suppose -5*u = -m*u - 135. What are the prime factors of u?
3
Suppose 3*o - 6 - 48 = 0. List the prime factors of (-34)/(-9) - (-4)/o.
2
Let v = -56 + 101. List the prime factors of v.
3, 5
Let h = -1 - 1. What are the prime factors of ((-2)/3)/(h/27)?
3
Suppose 9 = 3*d - 2*f, -2*f + f + 13 = 2*d. Let m(v) = -d*v - 2 + 3 + v**2 + 4. List the prime factors of m(6).
11
Let t(g) be the first derivative of -g**2/2 + 3*g + 2. List the prime factors of t(0).
3
List the prime factors of 231/22*(-4)/(-3).
2, 7
Let j(s) = 2*s**3 + s**2 - 2*s + 1. Let g be j(1). Let i be (4/(-8))/(g/(-12)). Suppose n + 5*a = 3, -n - a + 3*a + i = 0. What are the prime factors of n?
3
Let z(t) = -2 + 3*t + 2 - 1. Let y be z(-5). What are the prime factors of (-1)/2*y/1?
2
Let l = 72 - 51. What are the prime factors of l?
3, 7
Suppose 0 = 2*d - 7*d - 2*q + 942, 4*d - q = 751. List the prime factors of d.
2, 47
Let t(m) = 2*m**2 + 26*m - 35. What are the prime factors of t(9)?
19
Let m be 4/(-6) + (-70)/(-15). Suppose g = m*g. Suppose g = a + 2*a - 51. List the prime factors of a.
17
Let x = 396 - 52. What are the prime factors of x?
2, 43
Let b(d) = 2*d**2 - 2*d - 1. Let n be b(-1). Let k be 1 - 1 - (n + -5). Suppose c = -k*c + 18. What are the prime factors of c?
2, 3
Suppose 2*q + 3*q + 33 = -f, -5*q - 3*f = 39. Let w = -1 - q. Suppose 0 = -3*p + w + 10. What are the prime factors of p?
5
Let z = 3 - -6. Suppose -63 - z = -3*y - p, 3*y - 78 = -3*p. Let f = y + -12. What are the prime factors of f?
11
Let m = 11 + -14. List the prime factors of (m - 30)*1/(-3).
11
Suppose g + 4*w + 3 = 0, -w + 2*w = 3*g + 9. Let i(q) = -q**3 + 4*q + 3. Let d(c) = c**2 + c. Let k(m) = -d(m) + i(m). What are the prime factors of k(g)?
2, 3
Suppose -2 = 2*k - 10. Suppose k*h = 3*h + 8. What are the prime factors of h?
2
Suppose 0 = 2*z - 3*z. Suppose -3*f = 6, 2*h - 5*f - 48 = -z*f. Suppose -m = 3*w - 9 - 4, -5*w - 3*m = -h. What are the prime factors of w?
5
Let w(b) = 34*b - 14. What are the prime factors of w(2)?
2, 3
Let y(v) = -101*v**3 + 3*v**2 + 2*v. List the prime factors of y(-1).
2, 3, 17
Let p(u) = -9*u - 4. What are the prime factors of p(-10)?
2, 43
Let p(x) = x - 11. Let y be p(10). What are the prime factors of 9 - (-1 - (-2)/y)?
2, 3
List the prime factors of (18/4)/(-3)*-2.
3
Suppose 77 = 3*w + 4*n, -5*w + 4*n + 84 = -w. What are the prime factors of w?
23
Let n(b) = b**3 + 11*b**2 + 10*b + 3. Let z be n(-10). Let t = 21 + z. What are the prime factors of t?
2, 3
What are the prime factors of 8/40 - 688/(-10)?
3, 23
Suppose 3*s = 15 - 60. List the prime factors of (-3)/(-12) - s/4.
2
Let j(h) = -h**3 + 11*h**2 + 13*h - 12. Let v be j(12). Suppose -y = 4*b - 0*b + 360, v = -4*b - 4*y - 360. List the prime factors of b/24*(0 + -4).
3, 5
Suppose 0 = -3*m - 6*m + 783. List the prime factors of m.
3, 29
Let d = 3 - 0. Suppose 0 = d*o - 8 - 7. What are the prime factors of o?
5
Suppose 0 = 5*n - 10, -n + 110 = 5*o + 4*n. What are the prime factors of o?
2, 5
Suppose 28 = -5*p - 2. Let y be p/(-36) + 17/6. List the prime factors of (3 - 6)*(-11)/y.
11
Let s(h) = -15*h**3 - h**2 - h. Let j be s(-1). Suppose -o - 7 = -j. List the prime factors of o.
2
Let o(z) = 13*z**2 - z + 3. What are the prime factors of o(2)?
53
Let s be 2/(-8) + 925/20. Suppose 4*m = r + s, 2*m + 5*r = 2 + 10. Let v = -2 + m. List the prime factors of v.
3
Let t = -1 - 3. Let k = t + 13. What are the prime factors of k?
3
Suppose 0 = -2*a - 0*a + y + 736, -3*a + 4*y + 1094 = 0. What are the prime factors of a/14 - (-12)/(-28)?
2, 13
Suppose 0 = 4*c - 582 - 214. List the prime factors of c.
199
Let l = 0 - -1. Let g